Is 28369 a composite number?
True
Is 11959 a prime number?
True
Is 26363 a prime number?
False
Is 326923 a prime number?
True
Is 25822 a prime number?
False
Is 2435 a prime number?
False
Is 8782 prime?
False
Is 259949 a prime number?
True
Is 83627 prime?
False
Is 295513 composite?
False
Is 255551 a prime number?
True
Is 126771 composite?
True
Is 471241 prime?
True
Is 1226609 composite?
False
Is 86799 prime?
False
Is 5437 a composite number?
False
Is 4937 prime?
True
Is 3741577 a composite number?
True
Is 36349 a prime number?
False
Is 36289 prime?
False
Is 6031 a composite number?
True
Is 5165 prime?
False
Is 44159 a prime number?
True
Is 70715 composite?
True
Is 107013 composite?
True
Is 47087 prime?
True
Is 361271 prime?
True
Is 744649 composite?
False
Is 19439 a prime number?
False
Is 2251 composite?
False
Is 1157 a prime number?
False
Is 415846 prime?
False
Is 374749 prime?
False
Is 11327 prime?
False
Is 46993 a composite number?
False
Is 125183 a prime number?
True
Is 105817 prime?
True
Is 6458 prime?
False
Is 915301 a prime number?
True
Is 14117 a prime number?
False
Is 9181 composite?
False
Is 3327 a composite number?
True
Is 4117 prime?
False
Is 39257 a composite number?
True
Is 579421 a composite number?
True
Is 115289 prime?
False
Is 15935 a composite number?
True
Is 1188445 prime?
False
Is 652166 composite?
True
Is 3297823 a prime number?
True
Is 8231 prime?
True
Is 1651 a composite number?
True
Is 75994 a prime number?
False
Is 182027 prime?
True
Is 18355 a prime number?
False
Is 167843 composite?
True
Is 317123 prime?
True
Is 3221629 composite?
False
Is 5779 composite?
False
Is 1931 a prime number?
True
Is 106319 prime?
True
Is 10691 a composite number?
False
Is 65613 a composite number?
True
Is 138959 a prime number?
True
Is 3053 prime?
False
Is 2426 a composite number?
True
Is 178951 prime?
True
Is 3973 a prime number?
False
Is 4258 a prime number?
False
Is 78701 prime?
False
Is 26669 prime?
True
Is 2489 prime?
False
Is 14243 prime?
True
Is 108323 prime?
False
Is 101267 prime?
True
Is 99805 a prime number?
False
Is 356761 prime?
True
Is 1397 a composite number?
True
Is 4889 composite?
False
Is 118343 a prime number?
True
Is 12577 prime?
True
Is 291971 prime?
True
Is 493967 prime?
True
Is 3057177 a composite number?
True
Is 898853 a composite number?
False
Is 64549 prime?
False
Is 122582 prime?
False
Is 11878 a prime number?
False
Is 18922 a composite number?
True
Is 13591 composite?
False
Is 12071 a composite number?
False
Is 16403 a prime number?
False
Is 3722 a composite number?
True
Is 2459 composite?
False
Is 599197 composite?
True
Is 3787 prime?
False
Is 2245655 a composite number?
True
Is 46747 composite?
False
Is 267959 composite?
False
Is 36247 prime?
False
Is 5175431 prime?
True
Is 28783 prime?
False
Is 5114 prime?
False
Is 4417 composite?
True
Is 209069 a composite number?
True
Is 862163 a prime number?
False
Is 101917 a composite number?
False
Is 1903769 a composite number?
True
Is 138239 a composite number?
False
Is 345089 a prime number?
True
Is 10129 prime?
False
Is 1663 a composite number?
False
Is 6841 a composite number?
False
Is 41443 prime?
True
Is 27271 composite?
False
Is 481549 a prime number?
True
Is 78635 composite?
True
Is 61001 a composite number?
False
Is 89339 a composite number?
True
Is 57881 a prime number?
True
Is 308461 composite?
True
Is 4187 composite?
True
Is 4889 composite?
False
Is 223 a composite number?
False
Is 1471 a composite number?
False
Is 2471 composite?
True
Is 197749 prime?
False
Is 1277 a composite number?
False
Is 11213 composite?
False
Is 355679 a prime number?
True
Is 1010567 composite?
False
Is 11599 composite?
True
Is 553 composite?
True
Is 89801 a composite number?
True
Is 659189 a prime number?
True
Is 19957 a composite number?
True
Is 81161 composite?
True
Is 210047 a composite number?
True
Is 52909 composite?
True
Is 981313 composite?
True
Is 11791 composite?
True
Is 754237 a prime number?
False
Is 14957 a composite number?
False
Is 154939 composite?
True
Is 146771 composite?
True
Is 1030061 a composite number?
False
Is 48731 composite?
False
Is 180773 composite?
False
Is 143 prime?
False
Is 3235945 composite?
True
Is 17623 a prime number?
True
Is 151237 composite?
False
Is 2249771 composite?
True
Is 948487 a prime number?
True
Is 6803 prime?
True
Is 737 prime?
False
Is 237379 a composite number?
False
Is 25523 prime?
True
Is 757 prime?
True
Is 21865 a prime number?
False
Is 159197 a prime number?
False
Is 117773 prime?
True
Is 44953 a prime number?
True
Is 16631 a prime number?
True
Is 173267 composite?
False
Is 33403 prime?
True
Is 18842 a composite number?
True
Is 123433 composite?
False
Is 114877 a composite number?
True
Is 496733 composite?
False
Is 427 a composite number?
True
Is 14411 prime?
True
Is 18467 a prime number?
False
Is 929 prime?
True
Is 36833 composite?
False
Is 17239 composite?
False
Is 508439 prime?
True
Is 310997 prime?
True
Is 1571 prime?
True
Is 1472017 prime?
True
Is 66791 composite?
False
Is 148089 a composite number?
True
Is 845489 composite?
False
Is 24443 a composite number?
False
Is 6113 prime?
True
Is 26453 prime?
False
Is 15761 a prime number?
True
Is 6941 prime?
False
Is 962233 a composite number?
False
Is 120154 prime?
False
Is 16657 composite?
False
Is 15391 composite?
False
Is 401087 prime?
True
Is 31765 composite?
True
Is 60806 prime?
False
Is 14969 a composite number?
False
Is 75323 prime?
True
Is 3683 a composite number?
True
Is 11197 prime?
True
Is 15727 prime?
True
Is 96983 composite?
True
Is 280265 a prime number?
False
Is 5855 prime?
False
Is 270493 composite?
False
Is 2579 prime?
True
Is 37574 composite?
True
Is 10277 prime?
False
Is 3359 prime?
True
Is 245517 a composite number?
True
Is 6857 a prime number?
True
Is 169859 composite?
False
Is 42043 a prime number?
True
Is 11579 composite?
False
Is 138689 a composite number?
True
Is 54601 composite?
False
Is 19231 a prime number?
True
Is 99571 a prime number?
True
Is 1089017 composite?
False
Is 1184089 a prime number?
False
Is 59323 a prime number?
False
Is 6805 a prime number?
False
Is 307 prime?
True
Is 337 composite?
False
Is 29399 a composite number?
False
Is 12791 a prime number?
True
Is 641 prime?
True
Is 1343 composite?
True
Is 655637 a composite number?
False
Is 5981 a composite number?
False
Is 2253451 a prime number?
True
Is 7243 a composite number?
False
Is 123757 prime?
True
Is 4499 a prime number?
False
Is 515227 prime?
True
Is 44633 composite?
False
Is 286951 prime?
False
Is 122123 a composite number?
True
Is 2275222 a prime number?
False
Is 5299355 a composite number?
True
Is 19814 a prime number?
False
Is 435359 composite?
False
Is 14123 a prime number?
False
Is 7427 a composite number?
True
Is 263369 prime?
True
Is 1319 composite?
False
Is 566279 a prime number?
False
Is 8999 a prime number?
True
Is 16729 composite?
False
Is 4561 a composite number?
False
Is 57467 a prime number?
True
Is 7226 a prime number?
False
Is 2777 a composite number?
False
Is 205601 composite?
True
Is 109661 a composite number?
False
Is 99838 a composite number?
True
Is 1904719 composite?
False
Is 128779 composite?
True
Is 383959 prime?
False
Is 145037 composite?
False
Is 10831 a composite number?
False
Is 67679 prime?
True
Is 276007 a composite number?
False
Is 1657 a prime number?
True
Is 104863 prime?
False
Is 4621 prime?
True
Is 2921 a composite number?
True
Is 389399 prime?
True
Is 2208079 a prime number?
False
Is 14683 prime?
True
Is 466169 a prime number?
False
Is 2483 composite?
True
Is 16129 a prime number?
False
Is 26801 a prime number?
True
Is 322709 a prime number?
True
Is 96631 prime?
False
Is 29981 composite?
True
Is 7522 composite?
True
Is 163435 a prime number?
False
Is 39419 a prime number?
True
Is 9659 a prime number?
False
Is 6331 a composite number?
True
Is 70591 composite?
True
Is 165745 a composite number?
True
Is 38593 a prime number?
True
Is 24571 a composite number?
False
Is 1445131 composite?
True
Is 130051 composite?
False
Is 1652509 composite?
False
Is 6145 prime?
False
Is 2096777 composite?
False
Is 205207 composite?
True
Is 179155 a composite number?
True
Is 5333 prime?
True
Is 3827 composite?
True
Is 1337 a prime number?
False
Is 2176147 a composite num